e prime factors of 647821?
647821
What are the prime factors of 4111?
4111
What are the prime factors of 857272?
2, 13, 8243
List the prime factors of 4969385.
5, 263, 3779
What are the prime factors of 293958?
2, 3, 7, 2333
What are the prime factors of 3173573?
13, 244121
List the prime factors of 139596.
2, 3, 11633
List the prime factors of 555771.
3, 61, 3037
List the prime factors of 1801044.
2, 3, 7, 1021
What are the prime factors of 3841629?
3, 11, 19, 557
What are the prime factors of 3430904?
2, 428863
List the prime factors of 2304041.
97, 23753
What are the prime factors of 475063?
271, 1753
List the prime factors of 1057464.
2, 3, 19, 773
What are the prime factors of 12309305?
5, 2461861
What are the prime factors of 1032983?
7, 173, 853
What are the prime factors of 3137675?
5, 125507
What are the prime factors of 510321?
3, 7, 19, 1279
What are the prime factors of 321882?
2, 3, 11, 4877
What are the prime factors of 516878?
2, 109, 2371
What are the prime factors of 5476977?
3, 11, 683
What are the prime factors of 2625929?
2625929
List the prime factors of 13053996.
2, 3, 349, 1039
List the prime factors of 8193598.
2, 7, 19, 30803
List the prime factors of 13598650.
2, 5, 13, 20921
What are the prime factors of 8961632?
2, 61, 4591
What are the prime factors of 12702554?
2, 6351277
What are the prime factors of 5193953?
823, 6311
What are the prime factors of 11808994?
2, 19, 37, 227
List the prime factors of 2858524.
2, 557, 1283
List the prime factors of 4317827.
4317827
What are the prime factors of 9037051?
9037051
What are the prime factors of 4317834?
2, 3, 719639
List the prime factors of 2611900.
2, 5, 26119
List the prime factors of 3384580.
2, 5, 31, 53, 103
What are the prime factors of 389684?
2, 37, 2633
What are the prime factors of 411268?
2, 11, 13, 719
What are the prime factors of 7838061?
3, 7, 11, 33931
List the prime factors of 12355836.
2, 3, 1029653
What are the prime factors of 36778?
2, 7, 37, 71
List the prime factors of 372878.
2, 11, 17, 997
List the prime factors of 2631702.
2, 3, 17, 25801
List the prime factors of 104100.
2, 3, 5, 347
List the prime factors of 6816.
2, 3, 71
List the prime factors of 437025.
3, 5, 5827
What are the prime factors of 221335?
5, 44267
List the prime factors of 5891461.
1559, 3779
What are the prime factors of 128165?
5, 25633
List the prime factors of 1229690.
2, 5, 7, 11, 1597
What are the prime factors of 328313?
569, 577
List the prime factors of 526057.
7, 223, 337
What are the prime factors of 8279789?
7, 313, 3779
What are the prime factors of 4145800?
2, 5, 19, 1091
List the prime factors of 3511319.
7, 501617
List the prime factors of 138588.
2, 3, 11549
What are the prime factors of 97866?
2, 3, 5437
What are the prime factors of 1448159?
379, 3821
What are the prime factors of 5660505?
3, 5, 125789
What are the prime factors of 11113895?
5, 13, 61, 2803
List the prime factors of 259529.
109, 2381
What are the prime factors of 266373?
3, 17, 1741
What are the prime factors of 19728452?
2, 89, 151, 367
List the prime factors of 28880657.
13, 2221589
List the prime factors of 14652.
2, 3, 11, 37
What are the prime factors of 106473?
3, 35491
List the prime factors of 14041728.
2, 3, 17, 239
What are the prime factors of 1735266?
2, 3, 13, 22247
List the prime factors of 1244499.
3, 414833
What are the prime factors of 183391?
13, 14107
What are the prime factors of 1038426?
2, 3, 19, 9109
What are the prime factors of 13891126?
2, 23, 311, 971
List the prime factors of 418.
2, 11, 19
List the prime factors of 202960.
2, 5, 43, 59
List the prime factors of 269280.
2, 3, 5, 11, 17
List the prime factors of 1448988.
2, 3, 120749
List the prime factors of 1654890.
2, 3, 5, 55163
List the prime factors of 17292110.
2, 5, 11, 31, 461
List the prime factors of 1272882.
2, 3, 13, 16319
What are the prime factors of 20438047?
7, 173, 2411
List the prime factors of 2450758.
2, 229, 5351
What are the prime factors of 719348?
2, 7, 23, 1117
What are the prime factors of 13910515?
5, 23, 73, 1657
What are the prime factors of 1043173?
1043173
What are the prime factors of 89146?
2, 29, 53
List the prime factors of 1698934.
2, 849467
List the prime factors of 3099779.
23, 307, 439
List the prime factors of 961019.
239, 4021
List the prime factors of 18997898.
2, 101, 94049
What are the prime factors of 2364959?
31, 76289
List the prime factors of 72228.
2, 3, 13, 463
What are the prime factors of 224802?
2, 3, 23, 181
What are the prime factors of 640469?
47, 13627
What are the prime factors of 4089392?
2, 255587
List the prime factors of 964462.
2, 482231
List the prime factors of 31494569.
109, 113, 2557
List the prime factors of 52331.
43, 1217
What are the prime factors of 8567074?
2, 4283537
What are the prime factors of 421154?
2, 19, 11083
What are the prime factors of 194049?
3, 7187
What are the prime factors of 49860?
2, 3, 5, 277
List the prime factors of 4680014.
2, 2340007
List the prime factors of 287335.
5, 57467
List the prime factors of 209950.
2, 5, 13, 17, 19
List the prime factors of 286207.
503, 569
What are the prime factors of 2800999?
19, 7759
What are the prime factors of 83800?
2, 5, 419
What are the prime factors of 2036176?
2, 127261
List the prime factors of 8744509.
367, 23827
What are the prime factors of 1188002?
2, 73, 79, 103
List the prime factors of 1584185.
5, 101, 3137
List the prime factors of 242665.
5, 48533
What are the prime factors of 33719478?
2, 3, 13, 432301
What are the prime factors of 2304014?
2, 173, 6659
List the prime factors of 19999504.
2, 7, 178567
What are the prime factors of 3785509?
7, 13, 17, 2447
List the prime factors of 4494422.
2, 47, 137, 349
List the prime factors of 1946235.
3, 5, 129749
What are the prime factors of 689870?
2, 5, 149, 463
List the prime factors of 3838349.
47, 81667
What are the prime factors of 9974720?
2, 5, 7, 61, 73
List the prime factors of 9006734.
2, 11, 409397
What are the prime factors of 785219?
785219
What are the prime factors of 347553?
3, 23, 73
What are the prime factors of 2456528?
2, 153533
What are the prime factors of 61150?
2, 5, 1223
What are the prime factors of 86179?
86179
List the prime factors of 2147887.
7, 37, 8293
What are the prime factors of 306722?
2, 13, 47, 251
List the prime factors of 414496.
2, 12953
What are the prime factors of 15376409?
29, 379, 1399
List the prime factors of 1342630.
2, 5, 134263
List the prime factors of 41516441.
41516441
What are the prime factors of 4186632?
2, 3, 174443
What are the prime factors of 1928198?
2, 967, 997
What are the prime factors of 458438?
2, 47, 4877
List the prime factors of 13297166.
2, 6648583
List the prime factors of 261910.
2, 5, 11, 2381
List the prime factors of 1838612.
2, 109, 4217
List the prime factors of 5090991.
3, 907, 1871
What are the prime factors of 56258?
2, 23, 1223
List the prime factors of 971686.
2, 17, 28579
What are the prime factors of 4486654?
2, 199, 11273
What are the prime factors of 14013488?
2, 19, 31, 1487
What are the prime factors of 20908447?
7, 53, 83, 97
List the prime factors of 301788.
2, 3, 83, 101
What are the prime factors of 3081958?
2, 11, 31, 4519
List the prime factors of 1230495.
3, 5, 7, 11719
What are the prime factors of 9081283?
239, 37997
What are the prime factors of 462725?
5, 83, 223
What are the prime factors of 1767699?
3, 59, 3329
List the prime factors of 2417558.
2, 11, 13, 79, 107
What are the prime factors of 269520?
2, 3, 5, 1123
List the prime factors of 3926303.
17, 230959
What are the prime factors of 236142?
2, 3, 4373
List the prime factors of 272261.
11, 53, 467
List the prime factors of 14310268.
2, 7, 19, 37, 727
List the prime factors of 4039278.
2, 3, 83, 8111
List the prime factors of 1332088.
2, 269, 619
List the prime factors of 3143575.
5, 125743
List the prime factors of 332475.
3, 5, 11, 13, 31
What are the prime factors of 217593?
3, 8059
What are the prime factors of 192038?
2, 7, 11, 29, 43
What are the prime factors of 176600?
2, 5, 883
What are the prime factors of 4535229?
3, 1511743
List the prime factors of 3271471.
7, 467353
What are the prime factors of 2231999?
7, 11, 41, 101
List the prime factors of 3686510.